en 280766637 is divided by 210.
207
Calculate the remainder when 4507792 is divided by 2929.
61
What is the remainder when 1334792 is divided by 37?
17
What is the remainder when 22005416 is divided by 889?
888
Calculate the remainder when 15767867 is divided by 7588.
3
Calculate the remainder when 166830057 is divided by 792.
9
Calculate the remainder when 4678479 is divided by 80.
79
What is the remainder when 5158220 is divided by 20469?
32
What is the remainder when 5726828 is divided by 1126?
1118
What is the remainder when 36327 is divided by 5117?
508
Calculate the remainder when 7595014 is divided by 36.
22
What is the remainder when 2299729 is divided by 2671?
2669
What is the remainder when 4597257 is divided by 18?
3
Calculate the remainder when 3244424 is divided by 4230.
14
Calculate the remainder when 80781 is divided by 75.
6
Calculate the remainder when 14562791 is divided by 7281395.
1
What is the remainder when 95422 is divided by 31?
4
Calculate the remainder when 23422196 is divided by 169726.
8
Calculate the remainder when 161011 is divided by 208.
19
What is the remainder when 361712 is divided by 83?
81
What is the remainder when 3874856 is divided by 309?
305
What is the remainder when 1710960 is divided by 855375?
210
Calculate the remainder when 3491776 is divided by 109118.
0
What is the remainder when 535567 is divided by 748?
747
What is the remainder when 1028937 is divided by 711?
120
What is the remainder when 266085 is divided by 41?
36
Calculate the remainder when 8167 is divided by 1232.
775
Calculate the remainder when 116480 is divided by 19114.
1796
What is the remainder when 514461 is divided by 107?
5
Calculate the remainder when 11905917 is divided by 30.
27
Calculate the remainder when 22241761 is divided by 397174.
17
What is the remainder when 94259 is divided by 607?
174
What is the remainder when 32196294 is divided by 68?
62
What is the remainder when 1336650 is divided by 52?
42
What is the remainder when 14208385 is divided by 2608?
1
Calculate the remainder when 82533 is divided by 4519.
1191
What is the remainder when 216539004 is divided by 1011?
1002
What is the remainder when 267855 is divided by 89211?
222
What is the remainder when 35289321 is divided by 717?
15
What is the remainder when 2977133 is divided by 992370?
23
Calculate the remainder when 11869 is divided by 793.
767
Calculate the remainder when 257937 is divided by 7566.
693
Calculate the remainder when 9855649 is divided by 45628.
1
What is the remainder when 15001276 is divided by 14?
10
What is the remainder when 546480 is divided by 546473?
7
What is the remainder when 1306498 is divided by 31?
3
Calculate the remainder when 509996 is divided by 116.
60
Calculate the remainder when 151328 is divided by 30004.
1308
Calculate the remainder when 173007 is divided by 374.
219
Calculate the remainder when 213665 is divided by 10682.
25
Calculate the remainder when 8682814 is divided by 21599.
16
What is the remainder when 184222472 is divided by 6221?
6220
What is the remainder when 2853 is divided by 436?
237
Calculate the remainder when 382622 is divided by 196.
30
What is the remainder when 3528058 is divided by 623?
9
What is the remainder when 20911 is divided by 2201?
1102
What is the remainder when 9151628 is divided by 3392?
12
Calculate the remainder when 16478671 is divided by 211.
204
What is the remainder when 66674 is divided by 32550?
1574
Calculate the remainder when 1733409 is divided by 16667.
41
What is the remainder when 58127 is divided by 1049?
432
What is the remainder when 66037 is divided by 32836?
365
What is the remainder when 3701400 is divided by 947?
524
Calculate the remainder when 12181726 is divided by 6.
4
What is the remainder when 214361661 is divided by 2112?
2109
Calculate the remainder when 486732 is divided by 555.
552
Calculate the remainder when 25031128 is divided by 303.
298
Calculate the remainder when 7147782 is divided by 145873.
5
What is the remainder when 57347142 is divided by 5734711?
32
Calculate the remainder when 5738807 is divided by 1912926.
29
What is the remainder when 879591 is divided by 2268?
1875
Calculate the remainder when 771554 is divided by 6075.
29
Calculate the remainder when 135413760 is divided by 135413742.
18
What is the remainder when 4398142 is divided by 3391?
15
What is the remainder when 25739 is divided by 3948?
2051
Calculate the remainder when 7000484 is divided by 41919.
11
Calculate the remainder when 54681 is divided by 24207.
6267
What is the remainder when 13138755 is divided by 3196?
3195
Calculate the remainder when 2857420 is divided by 1479.
1471
What is the remainder when 78390255 is divided by 26130078?
21
What is the remainder when 38820262 is divided by 12940071?
49
Calculate the remainder when 11003942 is divided by 178.
160
What is the remainder when 6485029 is divided by 173?
124
Calculate the remainder when 443643 is divided by 912.
411
What is the remainder when 1853326 is divided by 52?
46
What is the remainder when 1814014 is divided by 259140?
34
What is the remainder when 17082 is divided by 1204?
226
Calculate the remainder when 76813007 is divided by 1139.
1125
Calculate the remainder when 1296727 is divided by 259152.
967
What is the remainder when 54946 is divided by 426?
418
Calculate the remainder when 1409941 is divided by 6104.
6021
What is the remainder when 1066332 is divided by 744?
180
What is the remainder when 16947205 is divided by 8629?
8478
Calculate the remainder when 255768 is divided by 4487.
9
What is the remainder when 138806 is divided by 2664?
278
What is the remainder when 63932775 is divided by 21310911?
42
What is the remainder when 70002 is divided by 23303?
93
What is the remainder when 10594246 is divided by 10594235?
11
Calculate the remainder when 20575 is divided by 59.
43
What is the remainder when 4343571 is divided by 42?
15
Calculate the remainder when 5057207 is divided by 30.
17
What is the remainder when 1486133 is divided by 114315?
38
Calculate the remainder when 19340 is divided by 9174.
992
Calculate the remainder when 249343 is divided by 294.
31
What is the remainder when 149851452 is divided by 5550053?
21
Calculate the remainder when 37732549 is divided by 13.
10
Calculate the remainder when 31735461 is divided by 102.
99
What is the remainder when 38125429 is divided by 334?
331
Calculate the remainder when 57807 is divided by 13160.
5167
What is the remainder when 7708139 is divided by 4854?
4841
Calculate the remainder when 31137 is divided by 28814.
2323
What is the remainder when 335452 is divided by 1386?
40
What is the remainder when 12229211 is divided by 15?
11
Calculate the remainder when 38852489 is divided by 2412.
2405
Calculate the remainder when 440701456 is divided by 5540.
5536
What is the remainder when 53258923 is divided by 57?
4
What is the remainder when 64829 is divided by 5855?
424
Calculate the remainder when 161026 is divided by 5766.
5344
What is the remainder when 107308 is divided by 107265?
43
What is the remainder when 21109 is divided by 1266?
853
What is the remainder when 379640 is divided by 7909?
8
What is the remainder when 323516968 is divided by 170?
168
Calculate the remainder when 404563 is divided by 100003.
4551
Calculate the remainder when 97926173 is divided by 642.
629
What is the remainder when 407560491 is divided by 33?
30
What is the remainder when 624767 is divided by 423?
419
Calculate the remainder when 8541 is divided by 4952.
3589
What is the remainder when 2601294 is divided by 115?
109
Calculate the remainder when 380807119 is divided by 11020.
11019
What is the remainder when 5749 is divided by 1864?
157
Calculate the remainder when 92125 is divided by 287.
285
Calculate the remainder when 3265182 is divided by 1200.
1182
Calculate the remainder when 22188099 is divided by 67.
44
Calculate the remainder when 3808020 is divided by 56835.
75
What is the remainder when 19852849 is divided by 28814?
3
What is the remainder when 15476 is divided by 2060?
1056
Calculate the remainder when 12447430 is divided by 1778202.
16
Calculate the remainder when 430538 is divided by 10238.
542
Calculate the remainder when 2044272 is d